{"id":2625,"date":"2024-09-16T22:08:30","date_gmt":"2024-09-16T20:08:30","guid":{"rendered":"http:\/\/www.solennelegoff.com\/lesamesaubepines\/?page_id=2625"},"modified":"2024-09-16T22:11:01","modified_gmt":"2024-09-16T20:11:01","slug":"tome-2","status":"publish","type":"page","link":"http:\/\/www.solennelegoff.com\/lesamesaubepines\/tome-2\/","title":{"rendered":"Tome 2"},"content":{"rendered":"\n<div class=\"section-wrapper\" data-id=\"BflTny\"><section class=\"wp-block-gutenverse-section guten-element guten-section guten-BflTny layout-fullwidth align-middle\"><div class=\"guten-background-overlay\"><\/div><div class=\"guten-container guten-column-gap-no\">\n<div class=\"wp-block-gutenverse-column guten-element guten-column guten-0P39LR\"><div class=\"guten-column-wrapper\" data-id=\"0P39LR\">\n<div class=\"section-wrapper\" data-id=\"Dm5TvV\"><section class=\"wp-block-gutenverse-section guten-element guten-section guten-Dm5TvV layout-boxed align-stretch\"><div class=\"guten-container guten-column-gap-default\">\n<div class=\"wp-block-gutenverse-column guten-element guten-column guten-KQRWyI\"><div class=\"guten-column-wrapper\" data-id=\"KQRWyI\">\n<div class=\"section-wrapper\" data-id=\"UBewiR\"><section class=\"wp-block-gutenverse-section guten-element guten-section guten-UBewiR layout-boxed align-stretch\"><div class=\"guten-container guten-column-gap-default\">\n<div class=\"wp-block-gutenverse-column guten-element guten-column guten-KMsREi\"><div class=\"guten-column-wrapper\" data-id=\"KMsREi\">\n<h2 class=\"wp-block-gutenverse-heading guten-element guten-2CQAaE animated guten-element-hide desktop-fadeInRight\">Sortie du tome 2<\/h2>\n<\/div><\/div>\n<\/div><\/section><\/div>\n\n\n\n<div class=\"section-wrapper\" data-id=\"CSmkxD\"><section class=\"wp-block-gutenverse-section guten-element guten-section guten-CSmkxD layout-boxed align-stretch\"><div class=\"guten-container guten-column-gap-default\">\n<div class=\"wp-block-gutenverse-column guten-element guten-column guten-ruUk0Z\"><div class=\"guten-column-wrapper\" data-id=\"ruUk0Z\">\n<div class=\"wp-block-essential-blocks-countdown  root-eb-countdown-0yjea\"><div class=\"eb-parent-wrapper eb-parent-eb-countdown-0yjea \"><div class=\"eb-countdown-0yjea eb-cd-wrapper preset2\"><div class=\"eb-cd-inner\" blockid=\"eb-countdown-0yjea\" data-deadline-time=\"0\" data-is-evergreen-time=\"false\" data-evergreen-time-hours=\"11\" data-evergreen-time-minutes=\"59\" data-evergreen-recurring=\"false\" data-evergreen-restart-time=\"0\" data-evergreen-deadline-time=\"1710924335631\"><div class=\"box cd-box-day\"><span class=\"eb-cd-digit\">00<\/span><span class=\"eb-cd-label\">Days<\/span><\/div><div class=\"box cd-box-hour\"><span class=\"eb-cd-digit\">00<\/span><span class=\"eb-cd-label\">Hours<\/span><\/div><div class=\"box cd-box-minute\"><span class=\"eb-cd-digit\">00<\/span><span class=\"eb-cd-label\">Minutes<\/span><\/div><div class=\"box cd-box-second\"><span class=\"eb-cd-digit\">00<\/span><span class=\"eb-cd-label\">Seconds<\/span><\/div><\/div><\/div><\/div><\/div>\n<\/div><\/div>\n<\/div><\/section><\/div>\n\n\n\n<div class=\"section-wrapper\" data-id=\"2Rsomr\"><section class=\"wp-block-gutenverse-section guten-element guten-section guten-2Rsomr layout-boxed align-stretch\"><div class=\"guten-container guten-column-gap-default\">\n<div class=\"wp-block-gutenverse-column guten-element guten-column guten-5tMtuH\"><div class=\"guten-column-wrapper\" data-id=\"5tMtuH\">\n<p class=\"has-text-align-center\">Suivez pas \u00e0 pas l&rsquo;\u00e9volution de l&rsquo;\u00e9criture du tome 2<\/p>\n<\/div><\/div>\n<\/div><\/section><\/div>\n<\/div><\/div>\n<\/div><\/section><\/div>\n\n\n\n<div class=\"section-wrapper\" data-id=\"d4yYyR\"><section class=\"wp-block-gutenverse-section guten-element guten-section guten-d4yYyR layout-fullwidth align-middle\"><div class=\"guten-background-overlay\"><\/div><div class=\"guten-container guten-column-gap-no\">\n<div class=\"wp-block-gutenverse-column guten-element guten-column guten-cJ6BhZ\"><div class=\"guten-column-wrapper\" data-id=\"cJ6BhZ\">\n<div class=\"guten-element guten-progress-bar guten-F1aAlL\"><div class=\"progress-group inner-content\"><div class=\"progress-skill-bar\"><div class=\"skill-bar-content\"><span class=\"skill-title\">Bible litt\u00e9raire (aka travail pr\u00e9paratoire) <\/span><\/div><div class=\"skill-bar\"><div class=\"skill-track\" data-width=\"100\" data-duration=\"3500\"><span class=\"skill-track-icon\"><i aria-hidden=\"true\" class=\"fas fa-arrow-right\"><\/i><\/span><div class=\"number-percentage-wrapper\"><span class=\"number-percentage loaded\"><\/span><\/div><\/div><\/div><\/div><\/div><\/div>\n\n\n\n<div class=\"guten-element guten-progress-bar guten-Fid7HM\"><div class=\"progress-group inner-content\"><div class=\"progress-skill-bar\"><div class=\"skill-bar-content\"><span class=\"skill-title\">Version 1<\/span><\/div><div class=\"skill-bar\"><div class=\"skill-track\" data-width=\"100\" data-duration=\"3500\"><span class=\"skill-track-icon\"><i aria-hidden=\"true\" class=\"fas fa-arrow-right\"><\/i><\/span><div class=\"number-percentage-wrapper\"><span class=\"number-percentage loaded\"><\/span><\/div><\/div><\/div><\/div><\/div><\/div>\n\n\n\n<div class=\"guten-element guten-progress-bar guten-CTksfC\"><div class=\"progress-group inner-content\"><div class=\"progress-skill-bar\"><div class=\"skill-bar-content\"><span class=\"skill-title\">Version 2<\/span><\/div><div class=\"skill-bar\"><div class=\"skill-track\" data-width=\"100\" data-duration=\"3500\"><span class=\"skill-track-icon\"><i aria-hidden=\"true\" class=\"fas fa-arrow-right\"><\/i><\/span><div class=\"number-percentage-wrapper\"><span class=\"number-percentage loaded\"><\/span><\/div><\/div><\/div><\/div><\/div><\/div>\n\n\n\n<div class=\"guten-element guten-progress-bar guten-L2IOhz\"><div class=\"progress-group inner-content\"><div class=\"progress-skill-bar\"><div class=\"skill-bar-content\"><span class=\"skill-title\">Version 3<\/span><\/div><div class=\"skill-bar\"><div class=\"skill-track\" data-width=\"100\" data-duration=\"3500\"><span class=\"skill-track-icon\"><i aria-hidden=\"true\" class=\"fas fa-arrow-right\"><\/i><\/span><div class=\"number-percentage-wrapper\"><span class=\"number-percentage loaded\"><\/span><\/div><\/div><\/div><\/div><\/div><\/div>\n\n\n\n<div class=\"guten-element guten-progress-bar guten-qHJ3L0\"><div class=\"progress-group inner-content\"><div class=\"progress-skill-bar\"><div class=\"skill-bar-content\"><span class=\"skill-title\">Beta lecture<\/span><\/div><div class=\"skill-bar\"><div class=\"skill-track\" data-width=\"100\" data-duration=\"3500\"><span class=\"skill-track-icon\"><i aria-hidden=\"true\" class=\"fas fa-arrow-right\"><\/i><\/span><div class=\"number-percentage-wrapper\"><span class=\"number-percentage loaded\"><\/span><\/div><\/div><\/div><\/div><\/div><\/div>\n\n\n\n<div class=\"guten-element guten-progress-bar guten-TElAb7\"><div class=\"progress-group inner-content\"><div class=\"progress-skill-bar\"><div class=\"skill-bar-content\"><span class=\"skill-title\">Travail \u00e9ditorial (aka corrections du manuscrit par un professionel)<\/span><\/div><div class=\"skill-bar\"><div class=\"skill-track\" data-width=\"100\" data-duration=\"3500\"><span class=\"skill-track-icon\"><i aria-hidden=\"true\" class=\"fas fa-arrow-right\"><\/i><\/span><div class=\"number-percentage-wrapper\"><span class=\"number-percentage loaded\"><\/span><\/div><\/div><\/div><\/div><\/div><\/div>\n\n\n\n<div class=\"guten-element guten-progress-bar guten-kd9Hzo\"><div class=\"progress-group inner-content\"><div class=\"progress-skill-bar\"><div class=\"skill-bar-content\"><span class=\"skill-title\">Corrections \u00e9ditoriales (aka je valide les corrections)<\/span><\/div><div class=\"skill-bar\"><div class=\"skill-track\" data-width=\"40\" data-duration=\"3500\"><span class=\"skill-track-icon\"><i aria-hidden=\"true\" class=\"fas fa-arrow-right\"><\/i><\/span><div class=\"number-percentage-wrapper\"><span class=\"number-percentage loaded\"><\/span><\/div><\/div><\/div><\/div><\/div><\/div>\n\n\n\n<div class=\"guten-element guten-progress-bar guten-Zbb5qi\"><div class=\"progress-group inner-content\"><div class=\"progress-skill-bar\"><div class=\"skill-bar-content\"><span class=\"skill-title\">Couverture<\/span><\/div><div class=\"skill-bar\"><div class=\"skill-track\" data-width=\"50\" data-duration=\"3500\"><span class=\"skill-track-icon\"><i aria-hidden=\"true\" class=\"fas fa-arrow-right\"><\/i><\/span><div class=\"number-percentage-wrapper\"><span class=\"number-percentage loaded\"><\/span><\/div><\/div><\/div><\/div><\/div><\/div>\n\n\n\n<div class=\"guten-element guten-progress-bar guten-k8mjdW\"><div class=\"progress-group inner-content\"><div class=\"progress-skill-bar\"><div class=\"skill-bar-content\"><span class=\"skill-title\">Illustrattions int\u00e9rieures <\/span><\/div><div class=\"skill-bar\"><div class=\"skill-track\" data-width=\"30\" data-duration=\"3500\"><span class=\"skill-track-icon\"><i aria-hidden=\"true\" class=\"fas fa-arrow-right\"><\/i><\/span><div class=\"number-percentage-wrapper\"><span class=\"number-percentage loaded\"><\/span><\/div><\/div><\/div><\/div><\/div><\/div>\n\n\n\n<div class=\"guten-element guten-progress-bar guten-Oa1wCx\"><div class=\"progress-group inner-content\"><div class=\"progress-skill-bar\"><div class=\"skill-bar-content\"><span class=\"skill-title\">Pr\u00e9paration compagne de communication<\/span><\/div><div class=\"skill-bar\"><div class=\"skill-track\" data-width=\"40\" data-duration=\"3500\"><span class=\"skill-track-icon\"><i aria-hidden=\"true\" class=\"fas fa-arrow-right\"><\/i><\/span><div class=\"number-percentage-wrapper\"><span class=\"number-percentage loaded\"><\/span><\/div><\/div><\/div><\/div><\/div><\/div>\n\n\n\n<div class=\"guten-element guten-progress-bar guten-ZYP2Bi\"><div class=\"progress-group inner-content\"><div class=\"progress-skill-bar\"><div class=\"skill-bar-content\"><span class=\"skill-title\">Cr\u00e9ation pack goodies<\/span><\/div><div class=\"skill-bar\"><div class=\"skill-track\" data-width=\"30\" data-duration=\"3500\"><span class=\"skill-track-icon\"><i aria-hidden=\"true\" class=\"fas fa-arrow-right\"><\/i><\/span><div class=\"number-percentage-wrapper\"><span class=\"number-percentage loaded\"><\/span><\/div><\/div><\/div><\/div><\/div><\/div>\n<\/div><\/div>\n<\/div><\/section><\/div>\n<\/div><\/div>\n<\/div><\/section><\/div>\n","protected":false},"excerpt":{"rendered":"","protected":false},"author":1,"featured_media":0,"parent":0,"menu_order":0,"comment_status":"closed","ping_status":"closed","template":"","meta":{"_eb_attr":"","footnotes":""},"class_list":["post-2625","page","type-page","status-publish","hentry"],"aioseo_notices":[],"_links":{"self":[{"href":"http:\/\/www.solennelegoff.com\/lesamesaubepines\/wp-json\/wp\/v2\/pages\/2625"}],"collection":[{"href":"http:\/\/www.solennelegoff.com\/lesamesaubepines\/wp-json\/wp\/v2\/pages"}],"about":[{"href":"http:\/\/www.solennelegoff.com\/lesamesaubepines\/wp-json\/wp\/v2\/types\/page"}],"author":[{"embeddable":true,"href":"http:\/\/www.solennelegoff.com\/lesamesaubepines\/wp-json\/wp\/v2\/users\/1"}],"replies":[{"embeddable":true,"href":"http:\/\/www.solennelegoff.com\/lesamesaubepines\/wp-json\/wp\/v2\/comments?post=2625"}],"version-history":[{"count":4,"href":"http:\/\/www.solennelegoff.com\/lesamesaubepines\/wp-json\/wp\/v2\/pages\/2625\/revisions"}],"predecessor-version":[{"id":2632,"href":"http:\/\/www.solennelegoff.com\/lesamesaubepines\/wp-json\/wp\/v2\/pages\/2625\/revisions\/2632"}],"wp:attachment":[{"href":"http:\/\/www.solennelegoff.com\/lesamesaubepines\/wp-json\/wp\/v2\/media?parent=2625"}],"curies":[{"name":"wp","href":"https:\/\/api.w.org\/{rel}","templated":true}]}}